d(w). What is the remainder when 93 is divided by u(24)?
21
Suppose 2*a = 2, -2*a - 18 = -2*p - 2*p. Suppose p*s - 22 = 268. Calculate the remainder when s is divided by 15.
13
What is the remainder when 288 is divided by 78 + 4/(8/(-18))?
12
Let z = 781 - 1115. Let r = -138 - z. Suppose -5*t + r = -2*c - 46, -91 = -2*t - 5*c. Calculate the remainder when t is divided by 17.
14
Suppose -262 = -21*i + 200. Calculate the remainder when 285 is divided by i.
21
Let m = 553 - 51. Calculate the remainder when m is divided by 21.
19
Let z(d) = -47*d + 8. Let v(i) = 16*i - 3. Let m(x) = -8*v(x) - 3*z(x). Let y be m(4). What is the remainder when (-1)/4 + 1833/y is divided by 19?
16
Let x(p) = 37*p + 4. Let w be x(4). Suppose w + 44 = 2*q. Calculate the remainder when q is divided by 9.
8
Let s(w) = 3*w + 8. Let j be s(4). Suppose -c = -x + 4, x - 4*x + j = 5*c. Suppose 3*m + 4 = m, 201 = x*n + 2*m. What is the remainder when n is divided by 14?
13
Let a = 58 - 41. What is the remainder when 214/(-20)*-6 - (-756)/945 is divided by a?
14
Suppose 3*u - 385 = 4*s, -43*s + 627 = 5*u - 46*s. Calculate the remainder when 222 is divided by u.
99
Let w(q) = -q**3 + 4*q + 3. Suppose 47 = 5*i + 2*t, -i - t = t - 11. Let u = i + -6. Calculate the remainder when w(2) is divided by u.
0
Let t be ((-7)/(-28))/(1/8)*-1. Calculate the remainder when (((-180)/(-6))/t)/(1/(-2)) is divided by 11.
8
Suppose 4*x - 12 - 156 = 0. Calculate the remainder when 8/(-10)*(-105)/x is divided by 1.
0
Suppose -129*v = -137*v + 304. Let n = -1 - -1. Suppose -4*x + 5*b + 67 = 7, 5*x + b - 46 = n. Calculate the remainder when v is divided by x.
8
Let t = 825 + -637. What is the remainder when t is divided by 64?
60
Suppose 4699*v - 105 = 4692*v. What is the remainder when 652 is divided by v?
7
Suppose 5*x - 201 = 2*r + 61, -3*x + r + 157 = 0. Calculate the remainder when x is divided by 15 + 2 + -3 + 0.
10
Suppose 5*i - 21*t - 215 = -19*t, 0 = -5*t. Calculate the remainder when 172 is divided by i.
0
Suppose -30*v + 27*v + 300 = -3*u, u + 198 = 2*v. Calculate the remainder when v is divided by 9.
8
Calculate the remainder when (-1420)/(-15) + 4/(-6) is divided by (0 - 66/14)*(11 + -18).
28
Let w = 23 + 24. Let a(n) = 14*n**2 - 3*n + 2. Calculate the remainder when w is divided by a(1).
8
Let i(l) = l**2 + 11*l - 12. Let t be i(-12). Suppose t*d + 4*d = 56. What is the remainder when 83 is divided by d?
13
Let l = 750 + -604. What is the remainder when l is divided by 18?
2
Suppose 664*u - 670*u = -1332. Calculate the remainder when u is divided by 208.
14
Let v(k) = 2*k**3 - 29*k**2 + 15*k - 14. Let y be v(14). Suppose 3*u - 4*w - 397 = y, 0 = -3*u + u + w + 268. Calculate the remainder when u is divided by 34.
33
Let d(w) = 159*w**2 - 6*w + 6. What is the remainder when d(1) is divided by 156?
3
Suppose 0 = 3*z + 12, 2*z = 3*h + 6*z - 8. What is the remainder when 13 is divided by h?
5
Let z(w) = w + 23. Calculate the remainder when 90 is divided by z(-2).
6
Let q = 1 - 2. Let j be q/(-2)*2*2. What is the remainder when (10/5)/(j/51) is divided by 13?
12
Let m be 5 - -3*2/6. Calculate the remainder when 27 is divided by (m/3 + -14)/(-2).
3
Let k = 7 + -7. Suppose k = -3*j + 36 + 48. Suppose -3*l + j = l. Calculate the remainder when l is divided by 3.
1
Let p = -4 + 12. Let o(z) = -z**3 + 8*z**2 - 6*z - 5. Let s be o(7). Suppose 5*t - 21 = s*b, -15 = -b + 6*b. What is the remainder when p is divided by t?
2
Let h(r) = r + 15. Let j = 120 - 67. Suppose -43 = -4*y + j. What is the remainder when y is divided by h(-6)?
6
Let p(v) be the third derivative of v**6/120 - v**5/30 + v**4/4 - v**3/2 + 10*v**2. What is the remainder when p(3) is divided by 9?
6
Suppose 0 = 45*j - 48*j + 21. Let g be 6/(-5)*5/2. Let o(s) = s**2 - 3*s + 2. What is the remainder when o(g) is divided by j?
6
Suppose -47*l = -49*l + o + 75, 3*o = -3*l + 108. Calculate the remainder when 775 is divided by l.
35
Let t be (8/(-10))/((-6)/(-15)). Let x be 1*5 - (t + 5). Suppose 5*y = 3*c - 0*c - 139, 4*y + 92 = x*c. Calculate the remainder when c is divided by 17.
14
Suppose p = -4*p - v + 69, -3*v + 53 = 4*p. Let m(b) = -9*b + 26. Calculate the remainder when m(-3) is divided by p.
11
Let o(l) = -4*l**3 - 2*l**2 + 1. What is the remainder when 15 is divided by o(-1)?
0
Let n = -5 - -87. Let p be -1 - (3 - (n + 2)). Suppose -i - p = -3*i. Calculate the remainder when i is divided by 21.
19
Suppose 0*h + 3*h - 207 = 0. Let v(s) = -18*s. Suppose -n = -3*u - 11, 5*u - 3 + 20 = 3*n. Calculate the remainder when h is divided by v(n).
15
Let x(w) = w**3 + 7*w**2 + 7*w - 6. Let k be x(-6). Let a = 20 + k. Let d(z) = z**2 + 7*z - 9. Calculate the remainder when d(-10) is divided by a.
5
Let y = -56 - -49. Calculate the remainder when (-22)/77 - 41*5/y is divided by 10.
9
Let b(n) = n**3 - 44*n**2 + 257*n + 85. Calculate the remainder when 273 is divided by b(37).
9
Let q(n) = -14*n**3 + n**2 + 2*n + 1. Suppose 2*s + 35 = -3*s - 5*v, -2 = v. Let j(f) = 2*f**2 + f - 4. Calculate the remainder when j(s) is divided by q(-1).
13
Suppose 0 = 4*d - d - 78. Calculate the remainder when 32/(-24)*((-6)/33 - 4375/77) is divided by d.
24
What is the remainder when (540/(-126))/((-3)/14) is divided by (11/4)/((-2)/(-8))?
9
Let g(m) = m**2 - 6*m + 6. Let c = -63 - -62. What is the remainder when g(5) is divided by (-6)/(-4)*12/(-18)*c?
0
Suppose 0 = 4*t - k - 116, -3*t + k + 49 = -37. Let b = 101 + -42. What is the remainder when b is divided by t?
29
Suppose 0*q - 20 = -2*q. Let r = -95 + 122. What is the remainder when r is divided by q?
7
Let o = -7 - -13. Let r = -14134 - -14157. Calculate the remainder when r is divided by o.
5
Let j(t) = t**3 - 4*t**2 - 39*t + 38. Calculate the remainder when j(9) is divided by 38.
16
Suppose 6 = -0*k + k. Suppose -4 = -c - u, -k*c + 5*c + 9 = 2*u. Calculate the remainder when (100/(-2))/(c/1) is divided by 17.
16
Suppose -3*c = p - 1420, -4*p + 2*p = -8. What is the remainder when c is divided by 68?
64
Let y = -836 - -868. What is the remainder when y is divided by 21?
11
Suppose 0 = 5*h + 132 - 322. Let u be (4/8)/((-4)/200). What is the remainder when h is divided by (26/5)/(((-40)/u)/4)?
12
Let a(j) = 64*j - 61. What is the remainder when a(1) is divided by 1?
0
Suppose 0 = 13*z - 34 + 8. Calculate the remainder when 3 is divided by z.
1
Suppose -18 - 147 = -5*w. Suppose w = 3*m - 0*m. Calculate the remainder when m is divided by 1 - -1 - 20/(-4).
4
Suppose 3*b - 22 = -7. Suppose -b*c - 85 = -10*c. Calculate the remainder when 82 is divided by c.
14
Let a(t) = -t**2 + 12*t - 11. Let b = -53 + 62. Calculate the remainder when a(b) is divided by 9.
7
Let j(a) = -a + 7. Let o be j(5). Suppose o*m = 4*d - 18 - 66, 87 = 5*d + 2*m. What is the remainder when 92 is divided by d?
16
Let b(w) = 7*w - 13. Let z = -511 - -534. Calculate the remainder when b(8) is divided by z.
20
Let q be 2/11 - (-42)/11. Suppose -3*k = -5*k + q. Suppose 110 - 17 = 2*r - 3*a, -k*a = 2. What is the remainder when r is divided by 24?
21
Let p = -206 - -331. What is the remainder when p is divided by (-12)/(-108) + 287/9?
29
Suppose 4*t + 14 = 2*i - 34, -5*t = -i + 21. What is the remainder when i is divided by 16?
10
Let b be (-401)/(-3) + ((-16)/6)/4. Let y = -88 + b. Calculate the remainder when y is divided by 16.
13
What is the remainder when 105 is divided by (-9)/(-12)*(-8)/(-12)*28?
7
Let x be 3/12 - 158/(-8). Suppose -5*f - w = -10, 5*f - 2*w = 5 + x. Calculate the remainder when 2/(-5) + (-74)/(-10) is divided by f.
1
Let f(n) = -n**2 + 6*n + 10. Let t = -1357 + 1373. Calculate the remainder when t is divided by f(7).
1
Let u(k) = -k**3 + 12*k**2 + 16*k - 16. Suppose 0 = -8*g + 2*g + 78. Suppose -29 = -3*m - 5. Calculate the remainder when u(g) is divided by m.
7
Let b(z) = z**2 - 6*z - 122. What is the remainder when b(-10) is divided by 21?
17
Calculate the remainder when 238 is divided by (-21)/9*(-96)/(8 - 0).
14
Let n(b) = 3*b**3 - b**2 - 4*b + 3. Calculate the remainder when n(3) is divided by (-1 + 33)*-4*4/(-32).
15
Let v(h) = 11*h**3 - 4*h + 8. Calculate the remainder when v(2) is divided by 31.
26
Suppose -16*d + 748 = 6*d. Calculate the remainder when 59 is divided by d.
25
Let v be ((-50)/75)/(1/(-3))